t g = -11 + 8. Let n(w) be the second derivative of -w**7/2520 + w**6/180 - w**4/12 - 20*w**2 + w - 1. Let i(j) be the third derivative of n(j). What is i(g)?
-21
Let i be 44*(-6)/(-15)*60/288. Let x(n) be the second derivative of 0 + 19*n + 0*n**2 + i*n**3. Calculate x(1).
22
Let s(n) = 17*n**3 + 15*n**2 + n + 13. Let p(c) = -25*c**3 - 15*c**2 - c - 13. Let m(l) = -2*p(l) - 3*s(l). What is m(-15)?
2
Let g(s) = -2*s**3 - 6*s**2 - 3*s. Let r = -372 - -364. Let y(p) = 3*p**3 + 9*p**2 + 5*p. Let w(m) = r*g(m) - 5*y(m). What is w(-4)?
-12
Let m(p) = 20*p - 317. Let t be m(16). Let w(q) be the first derivative of 12*q + 15 - 8/3*q**t + 1/4*q**4 - 11/2*q**2. Determine w(9).
-6
Let z(q) = -10*q**3 - 13*q**3 + 15*q**2 + 50*q + 44*q**3 - 5*q**3 - 15*q**3. Calculate z(-5).
0
Let y(f) = -8*f**3 - f**2 + f - 1. Suppose 16*v + 49 = 9*v. Let o be (3 + 8/(-2))*v. Suppose -u + o = 6*u. What is y(u)?
-9
Suppose -175 + 171 = t - i, -t = i + 12. Let y(p) = 43*p + 342. Determine y(t).
-2
Suppose -3*c = 3*b - 6, -13*b + 4*c - 8 = -10*b. Let g(m) = -m**3 - 2*m**2 - m - 14. Determine g(b).
-14
Let c be 11/(-6)*-2 - ((-22)/(-6) + -2). Let k(n) be the first derivative of 21 - 1/3*n**3 + 0*n**c + 0*n. Give k(2).
-4
Let c(a) = 7*a**2 + 116*a - 1476. Let x be c(-25). Let d(p) be the first derivative of -21*p**4/4 + p**3/3 - p + 2. Give d(x).
21
Let d(y) = 14*y + 56. Let j be d(-4). Let z(b) = 4*b**2 + j - 71*b + 73*b - 2 + 0. Give z(2).
18
Let g(x) = 12*x + 3. Suppose -75*i + 12 = 78*i - 155*i. What is g(i)?
-69
Let v(p) be the second derivative of 162 - 1/2*p**2 - 7/6*p**3 - 2/3*p**4 - 1/20*p**5 - 2*p. Calculate v(-7).
-1
Let t(u) = -u + 3. Suppose -5*c = -2*c. Let z = 6435 - 6412. Suppose c = -4*b + z + 5. Calculate t(b).
-4
Let o(c) = -43 - c - 6*c + 2*c - 2*c. Let f(i) = 4*i + 21. Let w(p) = -5*f(p) - 3*o(p). Calculate w(0).
24
Let m(w) = w**3 + 10*w**2 - 5*w + 13. Let z be (11/(-55)*(8 + -3))/(2/22). Calculate m(z).
-53
Let o be 20/12 + 18/(-27). Suppose -4*n = 3*i + 29 + o, -2*n - 22 = 5*i. Let s(h) = 582*h + 2 - 581*h - 1. Give s(n).
-5
Let v be ((-54)/8 - 1)/((-7)/168). Let h = 192 - v. Let r(y) = -y**3 + 7*y**2 - 8*y + 5. What is r(h)?
-7
Let t(c) = c**3 + 10*c**2 - 11*c - 5. Let i be ((-13612)/205)/((-1)/(-10)). Let d be i/56 - 66/(-77). Calculate t(d).
-5
Let s = 89 - 87. Let y(a) = -189*a**2 + 7*a**3 + 3*a + 1 - 2*a + 188*a**s. Let d(o) = -o**2 + 4*o + 4. Let j be d(5). Determine y(j).
-8
Suppose a - 7 - 4 = -3*n, 2*n - 3*a + 11 = 0. Let p(x) = -10*x**2 + 5*x - 5. Determine p(n).
-35
Let m(s) = 14*s - 7. Let r(p) be the first derivative of 9*p**2/2 - 5*p + 22. Let g(v) = 5*m(v) - 8*r(v). Give g(7).
-9
Suppose n = 6 - 3. Let d(i) = 3*i**3 + 2*i**2 - 2*i**3 + 2*i + 0*i**2 + n + 0*i**3. Let b(a) = a**2 - 10*a + 14. Let w be b(8). Calculate d(w).
-1
Let t(h) be the first derivative of -h**4 + 2*h**3 + h**2/2 - 4*h - 50. Let c(m) = -m**3 + 2*m**2 - 1. Let i(f) = 7*c(f) - 2*t(f). Determine i(-2).
5
Let y(p) = 4*p**2 - 3*p - 4. Suppose -j + 7 = 8. Let n(q) = -q**2 - q + 1. Let h(v) = j*y(v) - 5*n(v). Determine h(-7).
-8
Let f(l) = -l**2 - 14*l - 4. Let m be -2*(((-2)/(-18))/((-76)/342) + 8). What is f(m)?
-19
Let t(r) = 10*r - 15. Let g be t(-2). Suppose 3*s + 2*s = 180. Let q = s + g. Let z(b) = 7*b**3 - b**2 + b. What is z(q)?
7
Let g be 1/(6 + -8 + (-3)/(-2)). Let v(z) = 2 + z**2 + 0*z + 2*z**3 + 2*z**2 + 3*z. Determine v(g).
-8
Let t(c) = 2763*c**2 + c + 2768*c**2 - 5542*c**2 - 2. Give t(1).
-12
Let i(g) = 2 - 13 + 1 - 2 - g + 0 - 2*g**2. Give i(-6).
-78
Let c(y) = -305*y - 1801. Let k be c(-6). Let p(d) = -5*d + 79. Determine p(k).
-66
Let l(q) = -q**2 + 7*q + 11. Let f(b) = b**2 - 5*b + 6. Let g be f(4). Suppose g*m + 0*m = 3*m. Suppose -3*j + 5*v + 34 = m, j + 2*v = 4 - 0. Give l(j).
3
Let q(g) = g**2 + 3*g - 23. Let o = -803 + 806. What is q(o)?
-5
Let g(f) = -f**2 + 7*f + 3. Let c(i) = -i**2 + 26*i + 75. Let x be c(29). Let d(j) = -j**3 - 12*j**2 + j + 19. Let n be d(x). What is g(n)?
3
Let g(v) = 34*v**2 + 21*v + 10. Let k(m) = -6*m**2 + m. Let d(w) = g(w) + 6*k(w). Give d(17).
-109
Let v(u) = -2*u**2 - 26*u - 9. Suppose 3*h - 221 = -2*w - 242, -h - 47 = 4*w. Determine v(w).
15
Let d = -9 - 20. Let v = d + 33. Let l(r) = -r**3 + 5*r**2 - 6*r + 5. What is l(v)?
-3
Let u(w) = 5*w**2 + 10. Let g be (2/(-14))/((-5)/175). Determine u(g).
135
Let m(t) = t**3 + 9*t**2 + 3*t - 29. Let g = -3178 + 3170. Give m(g).
11
Let h(o) = 3 - o - 2*o**2 - o**3 - 4*o**2 + 15*o**2 - 4*o**2. Let u = 1874 + -1869. Give h(u).
-2
Suppose -5 = -x - 4*r + 10, -2*x + 60 = -2*r. Let p(d) = -2*d + d - 32 + x + 2*d. Determine p(9).
4
Let t(g) be the first derivative of -4*g - 35 - 4/3*g**3 + 1/2*g**4 + 2*g**2. Calculate t(2).
4
Let p(v) = v**3 + 5*v**2 - 8*v - 32. Let z = -515 + 510. Give p(z).
8
Let x(m) = 2*m**2 + m + 1. Let f(v) = v**3 + 10*v**2 + 16*v + 53. Let y(t) = -f(t) - 3*x(t). What is y(-15)?
4
Let h(p) = 23*p**3 - 67*p**2 - 37*p - 41. Let k(t) = 9*t**3 - 31*t**2 - 19*t - 20. Let y(i) = 2*h(i) - 5*k(i). Give y(-20).
-2
Let u(p) = 4*p - 65. Let j be u(15). Let f(s) be the third derivative of -s**4/6 + s**3/2 - 156*s**2 + 1. Calculate f(j).
23
Let k(i) = -i**3 + 15*i**2 - 49*i + 38. Let m be k(11). Let a(z) = -z**2 - 13*z + 75. Calculate a(m).
7
Let d(k) = -k**3 - 3*k**2 + k - 3. Suppose v = 4*w - 22, 0*v + 32 = 4*w + 4*v. Suppose 0 = 3*a - 5*a - w. Calculate d(a).
-6
Let p(k) = -k - 2 + 2 + 8. Suppose 2*o + 3*a + 9 = 0, o - 5554 = -4*a - 5581. Give p(o).
-1
Let t(d) = 41*d**2 + 22*d - 7. Let m(r) = 21*r**2 + 13*r - 4. Let y be -3 - (14/(-7) - 4). Let h(n) = y*t(n) - 5*m(n). Give h(1).
18
Let u(s) = s**2 + 5*s + 2. Let i be -261*5/(-20) - 5/20. Suppose -38*h + 25*h - i = 0. Calculate u(h).
2
Let l(s) = -s - 5. Let i be l(-6). Let a = 190 - 189. Let h(q) = 2*q + 8*q - 11*q + a + 2*q. Determine h(i).
2
Let b(n) be the third derivative of n**5/60 + 5*n**4/24 + n**3 + n**2. Suppose 1849 = 51*f - 8*f. Suppose -f = 19*s + 33. Give b(s).
2
Let i(n) = -2064000*n**3 - 3*n + 2063999*n**3 + 11*n + 8*n**2 - 19. Determine i(10).
-139
Let l be ((-4)/(-6))/((-4)/(-60)). Let g be ((-6)/l*-2)/(10/25). Suppose -u = g*r - 13, -5*r - 3*u + u = -22. Let o(d) = -d**2 + 6*d - 3. What is o(r)?
5
Let u(a) = 2*a + 1. Let f(n) = -n**2 + 30*n - 95. Let h be f(26). Suppose -9 - 3 = 3*s - i, 3*i + h = 0. What is u(s)?
-9
Suppose p + 2*t = -8, -p - t + 2 = 5. Let x(q) = 3 + 0 + 0*q**p - 49*q + 48*q - q**2. Determine x(5).
-27
Suppose 1900 = 8*u - 356. Let f(q) = -96 - 17*q + u - 94 - 93. Give f(1).
-18
Let n(v) = 176*v + 175*v - 355*v + 2. Let i = -12 - -9. Let u be 2 + 1 - 0/i. Calculate n(u).
-10
Let y(s) = -3*s**2 - 4*s + s - 3 - s**2. Let x be 37 + (-7 - -4) - 36. Calculate y(x).
-13
Suppose q + 5645 - 5651 = 0. Let j(o) = 3*o - 32. Give j(q).
-14
Let s(p) = 9*p**2 + 86*p + 42. Suppose -1926 = 244*v + 34*v - 64*v. What is s(v)?
-3
Let w(g) = g**3 + 6*g**2 - 7*g - 10. Let y(r) = -298*r + 291. Let d be y(1). Calculate w(d).
-10
Let j(l) = 177*l - 128*l + 282 + 88*l. What is j(-2)?
8
Let a = 34 - 36. Let f(b) = b**2 - 2*b. Let m(q) = -q - 1. Let c(l) = -f(l) + 2*m(l). Determine c(a).
-6
Let r(b) be the second derivative of -11*b**4/4 - b**3/2 - b**2/2 - 431*b + 1. Calculate r(-1).
-31
Let t(p) = -11*p - 84. Suppose 6*u = -1 - 53. Let d be t(u). Let k(g) = g**2 - 15*g - 1. Calculate k(d).
-1
Let m be (480/75)/((-2)/(-10)). Let r be m/6 + 12/18. Let z(u) be the first derivative of u**4/4 - 5*u**3/3 - 3*u**2 - 2*u - 6. Calculate z(r).
-2
Let a = 38 - 60. Suppose -265 = -8*j - 89. Let z = a + j. Let v(x) = -x**2 + x + 12. Give v(z).
12
Suppose 12*k - 276 - 31 + 79 = 0. Let i(v) = 4*v + 4*v - 7*v - 22. Give i(k).
-3
Let n(v) = -v**2 - 11*v - 1. Let q = -300 - -298. Let u be q/4 - 651/62. What is n(u)?
-1
Let f(g) = 2*g**2 + 4*g - 1. Suppose -3*s = -10*s + 105. Suppose 0 = s*b + 14 + 46. What is f(b)?
15
Let y(a) = 2*a + 2*a**2 - 7 - 7 + 11. Suppose 22 = -6*w + 34. Suppose -3*c - w*l + 11 = 30, 4*c + 4*l + 32 = 0. Determine y(c).
9
Let b(w) be the third derivative of -w**7/1260 + w**6/240 - 251*w**5/60 + 3*w**2 - 4. Let q(x) be the third derivative of b(x). Give q(-6).
27
Let g = 1670 + -1657. Let t(h) = -h + 17. Give t(g).
4
Let n(g) be the second derivative of -1/20*g**5 - 2 + 37*g + 5/12*g**4 + 0*g**3 + 2*